te?
False
Is 7769 prime?
False
Is 1823 a prime number?
True
Is 19957 prime?
False
Is 41113 composite?
False
Is 1287797 composite?
True
Is 19715 a prime number?
False
Is 2053 a composite number?
False
Is 6371 a composite number?
True
Is 43289 prime?
False
Is 519005 a prime number?
False
Is 24359 prime?
True
Is 601773 a prime number?
False
Is 7369 a prime number?
True
Is 646361 composite?
True
Is 95527 a composite number?
False
Is 155161 a prime number?
True
Is 103006 composite?
True
Is 58129 a prime number?
True
Is 18041 prime?
True
Is 6065 a composite number?
True
Is 373783 a prime number?
True
Is 607861 a prime number?
True
Is 98009 a composite number?
False
Is 320239 prime?
True
Is 147881 composite?
False
Is 687083 prime?
True
Is 2121383 composite?
True
Is 98509 a prime number?
False
Is 110623 a prime number?
True
Is 5450671 prime?
True
Is 40459 prime?
True
Is 159491 a prime number?
True
Is 95429 a prime number?
True
Is 14138 a composite number?
True
Is 96461 composite?
False
Is 102893 composite?
True
Is 1121086 a prime number?
False
Is 182653 prime?
True
Is 15866 a composite number?
True
Is 14369 composite?
False
Is 16177 a prime number?
False
Is 27509 composite?
False
Is 3747 a composite number?
True
Is 48703 composite?
True
Is 155409 prime?
False
Is 23839 composite?
True
Is 7003 a composite number?
True
Is 18503 prime?
True
Is 46009 prime?
False
Is 699 prime?
False
Is 22229 prime?
True
Is 132739 prime?
True
Is 3613 composite?
False
Is 51839 a prime number?
True
Is 2579 a composite number?
False
Is 713807 a composite number?
False
Is 511079 composite?
True
Is 232739 a composite number?
True
Is 2181 prime?
False
Is 632459 prime?
True
Is 119549 a composite number?
False
Is 37243 a composite number?
False
Is 124437 a prime number?
False
Is 1783 a prime number?
True
Is 56767 a prime number?
True
Is 903541 composite?
False
Is 109037 prime?
True
Is 1091 a composite number?
False
Is 5501 composite?
False
Is 38933 a prime number?
True
Is 216143 prime?
False
Is 57991 prime?
True
Is 285697 prime?
True
Is 81763 composite?
True
Is 159977 a composite number?
False
Is 2479 composite?
True
Is 93683 prime?
True
Is 9917 a prime number?
False
Is 16741 a composite number?
False
Is 331 prime?
True
Is 329059 composite?
False
Is 8842 a composite number?
True
Is 35729 a composite number?
False
Is 13591 prime?
True
Is 7807 a prime number?
False
Is 4783 prime?
True
Is 153047 composite?
True
Is 8501 a prime number?
True
Is 12202 composite?
True
Is 1117657 a prime number?
True
Is 8093 a composite number?
False
Is 3274691 prime?
False
Is 3613 a prime number?
True
Is 1121331 a composite number?
True
Is 2101 prime?
False
Is 59333 a composite number?
False
Is 673 a composite number?
False
Is 122599 a prime number?
True
Is 2435 a prime number?
False
Is 355951 prime?
True
Is 40889 composite?
True
Is 159019 a composite number?
True
Is 59509 a composite number?
False
Is 487247 a prime number?
True
Is 197539 prime?
True
Is 141179 a prime number?
True
Is 1926893 a prime number?
True
Is 78479 a composite number?
False
Is 137289 a prime number?
False
Is 80071 a composite number?
False
Is 154667 prime?
True
Is 11099 prime?
False
Is 19769 prime?
False
Is 10427 a composite number?
False
Is 1499 a composite number?
False
Is 471061 a prime number?
True
Is 26801 prime?
True
Is 73771 a composite number?
False
Is 348193 composite?
True
Is 21419 prime?
True
Is 1012469 prime?
False
Is 9181 composite?
False
Is 10211 a prime number?
True
Is 410929 composite?
False
Is 74791 a composite number?
True
Is 24733 prime?
True
Is 24313 prime?
False
Is 326657 composite?
False
Is 1158789 a composite number?
True
Is 45397 a composite number?
True
Is 6299 composite?
False
Is 178082 a composite number?
True
Is 187799 a prime number?
False
Is 20893 a composite number?
True
Is 229127 prime?
True
Is 99961 prime?
True
Is 2453 prime?
False
Is 1058417 composite?
True
Is 27831 composite?
True
Is 28901 a composite number?
False
Is 28801 a composite number?
True
Is 56521 a composite number?
True
Is 674945 composite?
True
Is 22431 a prime number?
False
Is 471791 a composite number?
False
Is 20477 prime?
True
Is 210257 a composite number?
False
Is 97 composite?
False
Is 20513 a prime number?
False
Is 35693 a prime number?
False
Is 55829 composite?
False
Is 56089 prime?
False
Is 41467 composite?
False
Is 58391 composite?
False
Is 14628871 a composite number?
False
Is 27595 a prime number?
False
Is 64741 composite?
True
Is 68099 prime?
True
Is 10977 composite?
True
Is 327946 composite?
True
Is 3989 a prime number?
True
Is 504547 prime?
True
Is 70039 prime?
True
Is 4889 prime?
True
Is 123449 composite?
False
Is 250583 a prime number?
True
Is 213911 prime?
False
Is 92893 a prime number?
True
Is 235577 a composite number?
False
Is 188317 prime?
True
Is 832319 composite?
True
Is 83078 prime?
False
Is 1771343 a prime number?
False
Is 55534 composite?
True
Is 36503 a prime number?
False
Is 1074427 prime?
True
Is 29479 prime?
False
Is 2063 prime?
True
Is 343409 a composite number?
True
Is 4579 a composite number?
True
Is 15117 prime?
False
Is 23861 composite?
True
Is 240605 a prime number?
False
Is 5854 prime?
False
Is 14777 a composite number?
True
Is 225341 a composite number?
False
Is 65507 a prime number?
False
Is 5951 a prime number?
False
Is 18839 a prime number?
True
Is 2963 a prime number?
True
Is 32347 a prime number?
False
Is 3898 a composite number?
True
Is 58189 composite?
False
Is 481 a composite number?
True
Is 13349 composite?
True
Is 11887 composite?
False
Is 7043 a composite number?
False
Is 644837 composite?
False
Is 118 a prime number?
False
Is 161033 a composite number?
False
Is 709843 prime?
True
Is 12071 composite?
False
Is 878857 a prime number?
False
Is 113833 prime?
False
Is 1569197 a composite number?
True
Is 82907 a prime number?
False
Is 133853 prime?
True
Is 244939 a composite number?
False
Is 6349 a composite number?
True
Is 3579 a prime number?
False
Is 14243 a composite number?
False
Is 48999 a prime number?
False
Is 466 prime?
False
Is 6389 prime?
True
Is 865 prime?
False
Is 539287 a composite number?
True
Is 174203 composite?
True
Is 6469 a prime number?
True
Is 63079 a composite number?
False
Is 6247 a prime number?
True
Is 421943 prime?
True
Is 613 composite?
False
Is 1041 a composite number?
True
Is 287 prime?
False
Is 109357 composite?
False
Is 287183 prime?
False
Is 30106 prime?
False
Is 382357 a prime number?
True
Is 2657 a composite number?
False
Is 146447 prime?
False
Is 1361 a prime number?
True
Is 14609 a prime number?
False
Is 27941 a composite number?
False
Is 8111 composite?
False
Is 25867 composite?
False
Is 14642 composite?
True
Is 77471 a prime number?
True
Is 63901 prime?
True
Is 2741 a composite number?
False
Is 308051 a composite number?
False
Is 84199 a prime number?
True
Is 211307 a prime number?
False
Is 523477 prime?
False
Is 186137 a composite number?
True
Is 38373 composite?
True
Is 2079433 prime?
True
Is 670537 composite?
True
Is 16697 a composite number?
True
Is 1991551 prime?
True
Is 245489 a composite number?
True
Is 60861 composite?
True
Is 166237 a composite number?
False
Is 2369359 a composite number?
True
Is 8617 prime?
False
Is 11633 a prime number?
True
Is 4360543 a composite number?
True
Is 96619 a prime number?
False
Is 659 a prime number?
True
Is 47017 prime?
True
Is 27299 composite?
False
Is 1041307 a composite number?
False
Is 57557 prime?
True
Is 4181 prime?
False
Is 8705 prime?
False
Is 9661 prime?
True
Is 203789 a prime number?
True
Is 123 a composite number?
True
Is 335131 composite?
False
Is 1481 composite?
False
Is 150343 prime?
True
Is 107141 a prime number?
False
Is 927779 prime?
True
Is 91731 a prime number?
False
Is 1109549 a prime number?
False
Is 89149 a prime number?
False
Is 12871 a composite number?
True
Is 1923 a composite number?
True
Is 76649 a prime number?
True
Is 14493 a composite number?
True
Is 44413 composite?
True
Is 7355 a composite number?
True
Is 5803 a prime number?
False
Is 1043 composite?
True
Is 69203 a prime number?
True
Is 1934 composite?
True
Is 529 composite?
True
Is 116479 a prime number?
False
Is 61291 prime?
True
Is 288461 prime?
True
Is 14741 a prime number?
True
Is 478801 prime?
True
Is 116923 prime?
True